 v be -6*(2/(-2) + 3). Let r = -10 - v. Suppose -2*n - 19 = 2*z - 193, 0 = -r*z + 2*n + 190. Is z composite?
True
Let h be (6 - 3) + -1 + 0. Let y(j) = -6 + 3*j - 7*j + 5*j - j**3 + 9*j**h + 4*j. Is y(-7) a composite number?
False
Let j be 4/22 - (-56212)/(-253). Let r = -148 - j. Is r a composite number?
True
Let z(w) = -w**3 - 13. Let f be z(-3). Let p(g) = 0 + 7*g - 3 + 0*g. Is p(f) a composite number?
True
Let k(i) = 3*i**3 - 11*i**2 + 7. Suppose -4*p + 4 + 40 = 4*b, -3*p + 3*b = -15. Is k(p) composite?
False
Suppose -4*d - 72 = -d. Let l = 257 + d. Suppose -2*h = 8, -6*m + 3*m - h = -l. Is m a prime number?
True
Let j = 12906 + 5729. Is j a composite number?
True
Suppose s - 428 = -2*t, 0 = 2*t - 0*s - 3*s - 412. Suppose 0*x + t = 4*x. Suppose -x = -l - 0*l. Is l a composite number?
False
Let f(b) = -b**2 - b + 4. Let i be f(0). Let u be ((-2)/i)/(16/(-96)). Suppose -u*l - 141 = -6*l. Is l composite?
False
Suppose -2344 = -k - 3*k. Suppose 7*f - 9*f = -k. Is f a composite number?
False
Suppose 0*r + 9 = 3*r, s - 4*r = -12. Let v(k) = 371 - k**3 + k - k**2 + 0*k**2 + 2*k**2 - 2*k**2. Is v(s) a composite number?
True
Is (3/(-12))/(2/(-83896)) a prime number?
True
Let o be 28/(-10)*(-6)/((-24)/(-20)). Suppose -15*y + 409 = -o*y. Is y composite?
False
Suppose 55*x - 3*x = 407108. Is x prime?
True
Suppose 5*n + 2*v - 26923 = 0, 4*n - 21536 = -v - 0*v. Is n a prime number?
False
Is ((-91929)/(-12))/((-3)/(-12)) a composite number?
False
Let p(d) = 7*d**3 - 11*d**2 - d + 62. Is p(12) composite?
True
Let n = -2651 + 5230. Is n prime?
True
Suppose 313 = 3*k + 2*r, -4*k - r = 4*r - 422. Suppose k = 9*g - 8*g. Let x = g + -26. Is x prime?
False
Let r = 4184 + -2821. Is r a composite number?
True
Let n(s) = 12*s + s**2 - 4*s**2 - 5 + 11*s**2 - 5*s**2. Is n(14) composite?
False
Let a(w) be the third derivative of 5*w**4/3 - 7*w**3/6 + 2*w**2 - 29. Let b(j) = -2*j + 1. Let s be b(-4). Is a(s) a prime number?
True
Let t(d) = -985*d - 37. Is t(-6) a prime number?
False
Let d(l) = l**3 - 4*l**2 - 11*l + 12. Let q be d(5). Is 1 + (14 + q - (-1 + -3157)) a composite number?
True
Let u = 10 + -5. Suppose -3*b + 944 = u*p - 546, 291 = p + 2*b. Is p composite?
True
Suppose 4*m - m + 4*s = -10, 4*m + 5*s + 13 = 0. Is m/(-4)*2 - -481 prime?
False
Let j = -646 - -212. Let t(r) = -91*r**3 - r**2 + 3*r + 3. Let p be t(-2). Let o = j + p. Is o a prime number?
False
Suppose -3904 = -4*x - 4*u + 3688, 4*u = -3*x + 5689. Is x prime?
False
Let f = 39 - 39. Suppose f = -9*y + 432 + 522. Is y composite?
True
Let z(l) = 435*l**2 - 8*l + 3. Is z(4) a composite number?
True
Suppose 5*h = 3*f - 27, -11*f = -6*f - 4*h - 32. Suppose a + a - 24 = 0. Is (4 + 569)*f/a a prime number?
True
Suppose 0*d - 6*d + 8040 = 0. Let l = d + -823. Is l a prime number?
False
Suppose 9*t - 5*t = 8. Let m be 0*(1 + -4 + t). Suppose -5*r - 54 + 439 = m. Is r prime?
False
Is -6 + 17/3 - (-63476)/6 a composite number?
True
Suppose -4*r + 648 = -4*o, 5*o - 167 = -4*r + 454. Is r prime?
False
Let k(y) = -12*y + 2*y + 6 - 4 + 2. Let u be k(-2). Suppose -4*d + u = -0*d. Is d composite?
True
Let r = 5324 + -2746. Is r a prime number?
False
Let w(j) = 2 + 2 - j - 26*j**3 - 2*j - 7. Is w(-2) composite?
False
Let n = -4367 + 10800. Is n a composite number?
True
Suppose 20 = 2*d + 3*d. Suppose -d*c + 8 = 0, -4*s - c + 23 = -s. Suppose -2*q + s*q - 1025 = 0. Is q composite?
True
Let l be (-4)/18 + 2675/9. Let a(m) = 61*m - 5. Let p be a(3). Let b = l - p. Is b a prime number?
False
Let c = -12 - -14. Suppose 12 = 4*f - c*f. Let k(y) = -y**2 + 16*y - 14. Is k(f) composite?
True
Let d = 5 + 7. Is 620/d + (-4)/6 a prime number?
False
Is (-4)/12 + 1 + (-7519220)/(-60) prime?
False
Suppose 2*c + 3*y = 2, 0 = -5*c + 4*y - 8 - 10. Is -9 + 284 - (c - 0) a composite number?
False
Suppose g = 3*g - 1690. Let k(o) = -3*o - 68. Let v be k(-24). Suppose v*c - 2617 = -g. Is c a prime number?
True
Let z(k) = -k**3 + 5*k**2 - 5*k + 6. Let l be z(4). Suppose l = 5*h - 23. Let s(p) = 2*p**3 + 5*p**2 - 2*p - 4. Is s(h) a prime number?
False
Suppose 12*f + 16891 = 5*f. Let o = f - -3944. Is o a composite number?
False
Let d = 42 + -38. Is -2*(-1)/(d/8078) a prime number?
False
Suppose -2*o + 0*o = -3*w - 2592, 2*w + o + 1728 = 0. Let t = w + 1801. Suppose 5*j - t = 2*v, -5*j - 5*v + 1281 = 351. Is j composite?
True
Let r be (-6)/(-15)*30/3. Suppose r*s + 5*c + 0*c - 60 = 0, 0 = -s - 4*c + 26. Let l(a) = 32*a - 13. Is l(s) composite?
False
Let j(q) = 5 + 3 - 8*q + 1 - 2. Is j(-10) prime?
False
Suppose 5 = -10*o + 5*o. Is ((-2 - o) + 2)/((-2)/(-1366)) composite?
False
Suppose 4*i = 12, -91*i + 96*i + 13451 = 2*o. Is o composite?
False
Let u(v) = -1814*v + 9. Let s be 9/(-6) - (-3)/(-6). Is u(s) prime?
True
Let z(c) = 409*c**2 + 47*c - 19. Is z(-9) a prime number?
True
Suppose 0 = -2*x - 81 - 5. Let s(p) = -p**3 + 12*p**2 - 5*p + 14. Let q be s(11). Let b = q + x. Is b composite?
False
Suppose 0 = -5*x + 3*z + 6, -3*x + 2*z - 6 = 5*z. Suppose x = -3*c + 9*c - 6366. Is c a composite number?
False
Suppose -2*b + 6530 = 4*c, -4*b + 1116 = -2*c + 4386. Is c a composite number?
True
Let b be (2/(-1))/(-10) + (-16498)/(-10). Let y = b - 937. Is y a prime number?
False
Is (9333/(-255))/((-2)/1830) + 4 a composite number?
False
Let y(x) = 20*x**2 - 17*x + 280. Is y(19) composite?
False
Let a(h) = -263*h**3 + 3*h**2 - 5. Is a(-2) a prime number?
True
Suppose 38*u - 35*u = 567. Let c = 415 - u. Is c composite?
True
Let x be 26/(-3) - 2/6. Let n be (-1)/(-2)*(-1062)/x. Let r = 174 + n. Is r a composite number?
False
Let y(v) = 1337*v**2 - 3*v + 3. Is y(1) prime?
False
Let v(a) = -6*a - 5. Let d be v(0). Is (143/2 - d/(-10))*7 composite?
True
Suppose 0*r - 30 = 5*r. Let t be 32/(-6)*r/4. Is (-3009)/(-12) + 2/t prime?
True
Suppose 20*o - 5*o - 18870 = 0. Suppose 2*a = z - 2*a - 639, 2*z + 2*a - o = 0. Is z composite?
False
Suppose -17*u + 62208 - 12925 = 0. Is u a composite number?
True
Suppose 2*r = -r - h + 27, 11 = r + h. Suppose -7*m - 1733 = -r*m. Is m a composite number?
False
Let l = 22 - 13. Let p = 398 + -340. Let k = p + l. Is k a composite number?
False
Let w(y) = -y - 20. Let q be w(-20). Suppose 6*i + 505 - 1615 = q. Is i prime?
False
Suppose 4*i - 1661064 = 5*c - 603056, 5*i - 1322523 = 3*c. Is i a composite number?
True
Suppose -4*i + 0*i = 0, 0 = 4*p + 3*i - 3040. Suppose 4*j = 4*t + p, -950 = -0*j - 5*j - 5*t. Let g = -113 + j. Is g a composite number?
True
Suppose -9*w = -4*w. Let p(d) = d + 1757. Is p(w) a composite number?
True
Let g = -14 + -7. Is (-12315)/g - 4/(-7) prime?
True
Is -10*5/(-300)*26238 a prime number?
True
Suppose -2*y + 142 = -36. Let k = 24 + -76. Let f = y + k. Is f a prime number?
True
Let c(a) = 2*a**2 + 7*a - 7. Let y(g) = -g**2 - 3*g + 3. Let q(z) = -3*c(z) - 7*y(z). Let l be q(0). Suppose -x + l = -71. Is x prime?
True
Let w(z) = -188*z + 91. Is w(-24) composite?
False
Let m = -13 + 24. Suppose -4*x - 3 = -m. Suppose 3*z - 605 = -x*z. Is z a prime number?
False
Suppose -3*g - g + 3 = -a, -5*a + 3 = -2*g. Let u be (2/(-4))/(a/6). Is -111*u/((-18)/(-10)) prime?
False
Let k be (-1)/(1 - (-20)/(-15)). Suppose -2*f - 15 = -7*f, 4*y = -k*f + 1925. Is y prime?
True
Suppose 5816 = -1942*n + 1946*n. Is n composite?
True
Is 4/6 - (-172)/3 composite?
True
Let x be (8/(-5))/(2/(-5)). Suppose s - x*s = 2*p - 13, 2*s = 2*p - 8. Is s - (-481 + 6 + -3) a prime number?
True
Let a = 216 + -278. Let v(y) = -2*y**2 + 9*y + 4. Let m be v(7). Let s = m - a. Is s a prime number?
True
Let p be 4/2 + (7 - 6). Suppose -174 = -p*n + 186. Suppose 26 = -2*b + n. Is b a composite number?
False
Let t = -50 - -44. Let b(r) = 5*r**2 + 3*r + 1. Is b(t) prime?
True
Suppose -5*y + 17857 = -41658. Is y composite?
False
Suppose -2873 = -2*x + 2649. Suppose 5*l - x = 3294. Is l a composite number?
True
Let u(r) = r**3 + 6*r**2 - 14*r - 1. Is u(-6) a composite number?
False
Suppose 10*i - 130 = -10. Is (499/3)/(2/i) a composite number?
True
Let z = 102312 + -57193. Is z prime?
True
Suppose -41 = -4*a + 5*s, 2*a = -3*a - 5*s + 40. Let j = a + -13. Is (-41)/(-2 - 6/j) a prime number?
False
Let a = 653 + -665. Let x(i) = -4*i**2 + 16*i + 6*i**2 - 17 - 4*i. Is x(a) composite?
False
Let z = -202 - -621. Is z prime?
True
Let g(j) = -j**3 - 